le of 1670?
True
Does 65 divide 1386012083?
False
Does 192 divide 6783744?
True
Is 238604016 a multiple of 11?
False
Is 3155397498 a multiple of 594?
True
Does 62 divide 3997194?
False
Is 70248789 a multiple of 1053?
True
Is 9803 a factor of 729781999?
False
Is 11 a factor of 39195096?
False
Is 1238 a factor of 262835959?
False
Is 8 a factor of 2649576?
True
Is 405416617 a multiple of 390?
False
Does 1616 divide 2983706448?
True
Does 4 divide 6675657?
False
Is 3921237352 a multiple of 981?
False
Is 1829 a factor of 661609657?
True
Is 4548 a factor of 315223071?
False
Does 8 divide 972226896?
True
Is 1113 a factor of 175749378?
True
Is 191 a factor of 180495?
True
Is 86 a factor of 1896202659?
False
Is 1325 a factor of 412634150?
True
Is 934056280 a multiple of 12?
False
Is 69107911 a multiple of 159?
False
Does 693 divide 28745483?
False
Is 2106241008 a multiple of 1744?
True
Is 11 a factor of 241479003?
False
Is 187 a factor of 845888625?
False
Is 738 a factor of 63343525?
False
Does 19 divide 34008088?
False
Is 5247 a factor of 2914440903?
True
Does 439 divide 127527832?
False
Does 237 divide 97860118?
False
Is 74531076 a multiple of 37?
False
Is 57816198 a multiple of 87?
True
Is 71883840 a multiple of 840?
True
Is 3241 a factor of 246322482?
True
Does 321 divide 1494900460?
False
Does 22 divide 452796130?
False
Is 1265 a factor of 4055707577?
False
Does 14 divide 200627080?
False
Is 8377 a factor of 86844359?
True
Is 108842157 a multiple of 16?
False
Is 73996920 a multiple of 2034?
True
Is 510086588 a multiple of 814?
True
Does 78 divide 667944527?
False
Is 349 a factor of 181308601?
False
Is 1417 a factor of 36350301?
True
Does 45 divide 147597354?
False
Does 198 divide 161984196?
True
Is 87902064 a multiple of 566?
True
Does 329 divide 17937409?
True
Is 21192315 a multiple of 265?
True
Does 27 divide 39735928?
False
Does 165 divide 16245029?
False
Is 213286295 a multiple of 2?
False
Is 1113 a factor of 125997165?
True
Is 451 a factor of 165401093?
True
Is 80027310 a multiple of 1970?
True
Is 4489503 a multiple of 73?
False
Is 104800656 a multiple of 424?
False
Is 520027247 a multiple of 28?
False
Does 54 divide 2772966217?
False
Is 71880160 a multiple of 22?
True
Does 3197 divide 2853895324?
False
Does 83 divide 3031238854?
False
Is 3671829 a multiple of 3?
True
Does 313 divide 637073314?
True
Is 45661330 a multiple of 2405?
True
Is 21797184 a multiple of 24?
True
Does 854 divide 2380496818?
True
Does 1203 divide 6351980?
False
Does 1944 divide 1283842872?
True
Does 6830 divide 231038410?
True
Does 93 divide 4832894?
False
Is 1040 a factor of 1602978236?
False
Is 68 a factor of 707633024?
True
Is 186 a factor of 85055212?
False
Does 226 divide 930938196?
False
Is 131697144 a multiple of 240?
False
Does 17 divide 7721572?
False
Is 33 a factor of 1314295374?
False
Is 2550909466 a multiple of 238?
True
Is 276453765 a multiple of 3195?
True
Does 4 divide 41051?
False
Is 17977192 a multiple of 38?
True
Is 27630544 a multiple of 70?
False
Does 121 divide 575438248?
True
Is 76 a factor of 526106707?
False
Does 246 divide 120072999?
False
Is 11 a factor of 1059373448?
False
Is 13566762 a multiple of 11?
True
Is 434668950 a multiple of 1150?
True
Does 4 divide 28948596?
True
Is 1268 a factor of 2065515810?
False
Does 13 divide 320998925?
True
Is 90 a factor of 270560640?
False
Is 84488628 a multiple of 84?
True
Is 1853320 a multiple of 56?
True
Is 38524648 a multiple of 3?
False
Is 23 a factor of 26170833?
False
Is 179 a factor of 1340588379?
False
Does 36 divide 552821154?
False
Is 276922624 a multiple of 116?
True
Does 1020 divide 289236300?
True
Is 65096547 a multiple of 11?
False
Is 20 a factor of 78887469?
False
Does 2 divide 8492295?
False
Does 80 divide 232792?
False
Is 916 a factor of 954565311?
False
Is 36 a factor of 8985146?
False
Is 74686473 a multiple of 2071?
True
Is 314028 a multiple of 793?
True
Is 158554521 a multiple of 3251?
True
Is 8563140 a multiple of 48?
False
Is 230481524 a multiple of 106?
True
Is 705 a factor of 714923580?
True
Is 925 a factor of 10058900?
False
Is 113 a factor of 191812076?
True
Is 225 a factor of 5552038?
False
Does 740 divide 1095993417?
False
Does 1351 divide 2058706?
False
Does 13 divide 102674910?
True
Does 54 divide 187239870?
True
Is 485062662 a multiple of 3577?
True
Is 2374388383 a multiple of 7635?
False
Is 372 a factor of 155963232?
True
Is 2938453178 a multiple of 4914?
False
Does 6030 divide 45249120?
True
Is 8 a factor of 181485240?
True
Is 21493089 a multiple of 66?
False
Is 40 a factor of 3030520?
True
Does 22 divide 61744716?
True
Does 5986 divide 6659855992?
True
Does 27 divide 998285094?
True
Is 187 a factor of 15365856?
False
Is 27102820 a multiple of 415?
True
Does 1587 divide 10298221?
False
Is 9 a factor of 324771715?
False
Does 947 divide 136019504?
True
Is 21 a factor of 33104746?
False
Is 312818080 a multiple of 327?
False
Does 12 divide 2986092?
True
Is 76132540 a multiple of 290?
True
Is 6001190 a multiple of 1690?
True
Is 1006399152 a multiple of 24?
True
Is 22 a factor of 12420782?
True
Is 45843800 a multiple of 1175?
True
Does 510 divide 23382990?
True
Is 191833168 a multiple of 41?
False
Does 1105 divide 12164383?
False
Is 96717348 a multiple of 1521?
True
Is 510743103 a multiple of 808?
False
Is 22990078 a multiple of 39?
False
Is 3595 a factor of 1747184380?
True
Is 23027244 a multiple of 1556?
True
Is 24 a factor of 185528665?
False
Is 21 a factor of 1864073034?
False
Is 87 a factor of 43599471?
False
Does 13 divide 1485984427?
False
Is 240929999 a multiple of 3?
False
Does 3 divide 418374279?
True
Is 124790015 a multiple of 2891?
True
Is 4 a factor of 28499128?
True
Is 1215688075 a multiple of 35?
True
Is 26623859 a multiple of 13?
False
Does 438 divide 2542914?
False
Is 2214 a factor of 170877267?
False
Is 3257107681 a multiple of 466?
False
Does 5 divide 254457168?
False
Does 78 divide 32008082?
False
Is 83690630 a multiple of 3610?
True
Is 147 a factor of 9642171?
True
Does 890 divide 371369362?
False
Is 1128 a factor of 45835152?
True
Is 2461 a factor of 233598128?
False
Is 67668000 a multiple of 75?
True
Is 243 a factor of 1665980541?
True
Does 27 divide 112071026?
False
Is 1587 a factor of 52611029?
False
Is 88795290 a multiple of 10?
True
Does 12 divide 268301490?
False
Is 42257516 a multiple of 649?
False
Does 96 divide 2285938560?
True
Is 80 a factor of 2023153296?
False
Does 17 divide 143264763?
True
Is 19 a factor of 152899802?
True
Is 9066905 a multiple of 25?
False
Does 8774 divide 942422288?
False
Does 12 divide 180225216?
True
Is 14267216 a multiple of 136?
True
Is 23178408 a multiple of 24?
True
Is 2470354128 a multiple of 129?
True
Is 1781110100 a multiple of 70?
True
Does 1907 divide 838734833?
True
Is 145344272 a multiple of 1132?
True
Is 2015 a factor of 767628907?
False
Does 2662 divide 151165786?
False
Is 4592 a factor of 613138062?
False
Does 3674 divide 3268064854?
False
Does 13 divide 916890249?
False
Is 9921373 a multiple of 12?
False
Is 13 a factor of 11421784?
False
Is 439 a factor of 173210084?
True
Is 91 a factor of 1071178745?
True
Is 443 a factor of 392872040?
False
Is 67344621 a multiple of 42?
False
Is 34026670 a multiple of 393?
False
Is 97 a factor of 3475175156?
True
Does 15 divide 461400197?
False
Does 1399 divide 229234082?
False
Is 16587285 a multiple of 1443?
True
Is 33873176 a multiple of 2203?
False
Is 1903484597 a multiple of 17?
False
Is 34635058 a multiple of 128?
False
Is 874 a factor of 4844497255?
False
Is 332579266 a multiple of 3371?
False
Is 37 a factor of 1194345388?
False
Does 30 divide 35851770?
True
Is 416 a factor of 728965536?
True
Does 1851 divide 961190315?
False
Does 67 divide 393797927?
True
Is 201 a factor of 162542747?
False
Does 14 divide 4568438?
True
Does 1891 divide 30148213?
True
Does 326 divide 1441495716?
True
Does 8 divide 17104699?
False
Does 1939 divide 1738711925?
False
Is 5 a factor of 384297531?
False
Is 1469 a factor of 19150725?
False
Is 3323 a factor of 142044958?
True
Is 20 a factor of 19099076?
False
Is 114 a factor of 99548790?
True
Does 4 divide 24287036?
True
Does 1527 divide 473194931?
False
Is 20338823 a multiple of 20?
False
Does 243 divide 6201360?
True
Is 10 a factor of 1854